2383
Let m = -635 - -830. List the prime factors of (m/26)/(-15) - 2610/(-4).
2, 163
Let h(y) = -2*y**2 - 10*y + 473. Let x be h(0). Suppose -10*d + x = -647. List the prime factors of d.
2, 7
Suppose 2*k = -3*j + 129582, -323955 = -5*k - 8*j + 9*j. List the prime factors of k.
3, 23, 313
Suppose -73*g - 11901 - 2553 = 0. Let a(t) = t**3 + t**2 + 6*t. Let q be a(-5). Let b = q - g. What are the prime factors of b?
2, 17
Let l(o) be the first derivative of -6*o**3 - o + 4. Let k be l(-2). List the prime factors of (0 - k) + (0 - -1).
2, 37
Suppose 5*n + 3717 = 2*q - 0*q, 3*q - 3*n = 5562. Suppose -16*s + j = -13*s - 2789, -2*s = j - q. What are the prime factors of s?
2, 29
Let s be (-210)/(-20)*(-238)/3. Let u = s + 1490. What are the prime factors of u?
3, 73
Let g(i) = -8*i - 136. Suppose -3*r + 5*l = 86, -3*r + 0*l - 136 = 5*l. List the prime factors of g(r).
2, 5
Let s(g) = -28*g - 20. Let p(o) = -o**2 + 3*o + 1. Let j be p(5). List the prime factors of s(j).
2, 29
Let q(o) = 10*o**2 - 1. Let c be q(-2). Let k(b) = 8*b - 90. Let l be k(11). List the prime factors of c - (-3 + l + 2).
2, 3, 7
What are the prime factors of 1914 + 38/95*4/((-24)/(-75))?
19, 101
Let g be (36/(-4))/(-3) - (-2)/1. Suppose 4*p - g*l - 24 + 181 = 0, 0 = -5*p + l - 170. Let i = p - -96. List the prime factors of i.
3, 7
Suppose -4*l - 2*j = -3*l + 4, -3*j + 3 = 3*l. Let y(g) = 2*g**3 - 6*g**2 - 3*g - 50. What are the prime factors of y(l)?
2, 37
What are the prime factors of (3/(-2))/(7 + (-6142050)/877428)?
24373
Let x = 4194 - -3788. What are the prime factors of x?
2, 13, 307
Let j = 18378 + -12274. What are the prime factors of j?
2, 7, 109
Suppose -1033 = 5*f - 68. List the prime factors of (f/4)/(2/(-40)).
5, 193
List the prime factors of (-8)/32 - (26/13 + (-10793)/4).
2, 337
Let s be (-644)/69*(-267)/4. Let i = s + 297. What are the prime factors of i?
2, 5, 23
Let v be 4/((-72)/42)*-27. List the prime factors of 16/(v/118 + 7/(-14)).
2, 59
Let s = -42 + 30. Let p(b) = -3*b - 34. Let a be p(s). Suppose 38 = 4*u - a*u. What are the prime factors of u?
19
Suppose 2*i - 4*z - 14 = 0, 5*z - 3*z - 28 = -4*i. Let h(f) = -f**2 + 13*f + 150. Let b be h(18). Suppose i*y - y = b. List the prime factors of y.
2, 5
Let u(l) = 63*l + 160. List the prime factors of u(117).
17, 443
Let b(n) = 17*n**2 - 3*n + 6. Let l be b(-3). Let s be (4/10 - l/(-30)) + -2. Suppose w = -s*h + 376, 81 = 5*h - 2*w - 402. What are the prime factors of h?
5, 19
Let b(a) = -20*a - 3. Let i be b(-2). Let x(k) = i*k**2 - 3 - 39*k**2 + 2 - 49*k - 1. What are the prime factors of x(-15)?
283
Let z = 25 - 21. Suppose -8*h = -z*h - 20. Suppose 8*r - 57 = h*r. List the prime factors of r.
19
Suppose -4*f = -4*f - 4*w, -5*w - 55204 = -4*f. What are the prime factors of f?
37, 373
Suppose 0*x - 4*u - 16 = -2*x, 2*x = -3*u + 9. Suppose -x*b = -10*b + 292. What are the prime factors of b?
73
Let a(n) = -22*n - 26. Let p(v) = -21*v - 25. Let b(f) = -6*a(f) + 7*p(f). Suppose -4*x - t + 15 - 42 = 0, 4*x - 5*t = -57. What are the prime factors of b(x)?
101
Let r = -6 - -9. Suppose 0 = -r*v - 223 - 80. Let c = -27 - v. List the prime factors of c.
2, 37
Suppose -9*h = -41 + 14. Suppose h - 15 = 4*y, 2*y = 3*w - 2067. What are the prime factors of w?
3, 229
Suppose -934*u + 14604 = -933*u - 2*c, -72960 = -5*u - 5*c. List the prime factors of u.
2, 41, 89
Let b(s) = -15*s - 10. Let g be b(-2). Let c be (-3)/(-2 + 45/g). Let q(d) = d**2 + 11*d + 24. List the prime factors of q(c).
2, 3
Let a(v) = 4*v**2 + 24*v - 22. Let c be a(-11). Suppose 5*f - 2*j = c, 2*j = -10*f + 5*f + 202. Let s = 96 - f. List the prime factors of s.
2, 7
Let q = -88 + 116. Suppose 5*l + 28 = -s, -l = -5*s + 2*l - q. What are the prime factors of 4/s*8 - -244?
2, 3, 5
Suppose -5*s - 8*z + 68217 = -5*z, 40934 = 3*s - 2*z. What are the prime factors of s?
2, 3, 379
Let a be (-180)/(-27)*(-2 - 1). Let d be 24/9*(-15)/a. Suppose -d*q + 166 = 6. List the prime factors of q.
2, 5
Let s(n) = n**3 - 2*n**2 + 2*n + 3. Let d be s(0). Suppose 17*j = -3*c + 20*j + 3576, -5*j + 3576 = d*c. List the prime factors of c.
2, 149
Let k(v) = 8*v - 22. Let t be k(3). Suppose -3*w + t*l - 7*l = -1160, 0 = -4*w + 3*l + 1595. List the prime factors of w.
5, 79
Let p = -26 - -18. Let v(f) = -2*f**2 - 20*f - 12. Let y be v(p). Let k = 54 + y. List the prime factors of k.
2, 37
Let k(j) = -10635*j**3 - 3*j**2 - 3*j - 1. Let o be k(-1). Suppose 28*p + o = 41*p. List the prime factors of p.
2, 409
Let y(c) = 7*c - 3*c - 6 + 2*c**2 + 5*c. Let f be y(-9). Suppose -z - f = -4*z. List the prime factors of z.
5
Suppose 4437 = 14*g - 1051. Suppose 0 = 4*s - 88 - g. Suppose 11*v - 8*v - s = 0. List the prime factors of v.
2, 5
Let a be (-8)/12*-6 + -4. Suppose 3*c + 15 = 0, d + 4*c - 8*c - 23 = a. Suppose -1 = f - d. What are the prime factors of f?
2
Suppose 178*j - 8820773 + 307567 = 0. What are the prime factors of j?
13, 283
Suppose -5*v + 7*v + 496 = 2*j, 4*j - v - 989 = 0. Let p = j + 105. What are the prime factors of p?
2, 11
Suppose -4*a + a = -66. Suppose -p + l = -31 + 1, -p + a = l. Suppose -83 - p = -v. What are the prime factors of v?
109
Let n(j) = j**2 + 6*j + 16. Let c be n(-5). Let r(w) = 2*w**2 - 23*w + 11. Let x be r(c). List the prime factors of ((-115)/2)/5*(x + -18).
3, 23
Let i(u) be the first derivative of 3*u**4/4 - 8*u**3/3 + 5*u**2 + 11*u - 12. What are the prime factors of i(5)?
2, 59
Suppose 5*c - 9608 = -2*p, 2*c - 4*p + 728 = 4576. Suppose -7*h + c = -1571. List the prime factors of h.
499
Let f(u) = -4*u**2 - 3*u + 17. Let i(w) = 3*w**2 + 3*w - 18. Let c(z) = 2*f(z) + 3*i(z). Let v be c(-6). What are the prime factors of v + 2 + -2 + 162 + -9?
151
Let r(i) = 56*i - 9. Let n be r(4). Let f = n + -115. Suppose f = -2*k + 7*k. What are the prime factors of k?
2, 5
List the prime factors of ((-8)/(-10))/((-91)/(-126035)).
2, 277
Let h be ((-4)/10)/((-30)/(-75)). Let g(k) = -617*k - 1. List the prime factors of g(h).
2, 7, 11
Suppose 6*h - 48 = 9*h. Let o(i) = -4*i - 30. Let u be o(h). Suppose u = g + 9. List the prime factors of g.
5
Let m = -8 - -15. Suppose -4523 + 1758 = -m*d. What are the prime factors of d?
5, 79
Let r = 371 + -165. Suppose 17 - 397 = -5*d. Let v = r - d. What are the prime factors of v?
2, 5, 13
Let s(g) = -29*g + 73. Suppose -3*r + 0*q - 30 = -q, -5*q = 0. List the prime factors of s(r).
3, 11
Suppose -3*y + 133147 = 4*j, 2*y + 3*j - 11745 - 77021 = 0. List the prime factors of y.
199, 223
Let w(f) = -18*f**3 - 8*f**2 + 2*f - 5. Let k be w(-5). Suppose 2*u = -4*b + 740, -5*u + k = -2*b + 125. Suppose 95 = -5*z + u. What are the prime factors of z?
3, 19
List the prime factors of 20/40*58430 - 14.
29201
Let c(p) = p**3 + 22*p**2 - 6*p - 71. Suppose -j = -f - 19, 3*f - 58 = 6*f - 2*j. List the prime factors of c(f).
3, 283
Let o be (4/6)/((-5)/(-15)). Let t(z) = z + o*z**3 + 0*z + 30 + 9*z**2 - z**3 - 8. List the prime factors of t(-7).
113
Suppose 75*r - 48*r = 7263. What are the prime factors of r?
269
Suppose -4*x = 4*y - 132, 9*x - 69 = -2*y + 4*x. Let d = y + -27. Suppose -387 = 5*h + d*i - 1152, -4*h + 648 = -5*i. List the prime factors of h.
157
Let t(n) = n**2 + 7*n + 2. Let q be t(-7). Let z be (-9 - 1)*(6 - (1 + 6)). Let y = z + q. List the prime factors of y.
2, 3
Suppose i - 10*i + 54940 = -7*i. What are the prime factors of i?
2, 5, 41, 67
Suppose 29 = 4*u + 45, -2*c = -5*u - 1466. What are the prime factors of c?
3, 241
Suppose -d = -0*d - 1710. Suppose 12*n + d = 3*n. Let k = 281 + n. List the prime factors of k.
7, 13
Suppose -10*c + 4*c + 1164 = 0. Let u(k) = -206 - 3*k + c - 4*k. List the prime factors of u(-4).
2
Let v = 5439 + -5401. Let q(i) = -3*i**3 - 2*i**2 + 3*i + 4. Let d be q(-4). Let p = d - v. List the prime factors of p.
2, 3, 19
Let r be (-4 - 52/(-8)) + 1/(-2). Suppose -r*f - 68 = 2*o, 2*o = -f - 2*f - 72. List the prime factors of -10*(-1 - o/(-4)).
5, 17
Let v be 32/((-1)/4*2/8). Let s = 335 + v. Let y = 307 + s. What are the prime factors of y?
2, 5, 13
Let s = -63 - -66. Let o be 1436/s - (1 + (-1)/3). Let y = o - 311. List the prime factors of y.
167
Let t be 3*(-1 - 14/6). Let h(u) be the second derivative of u**5/20 + u**4 - u**3/2 - 4*u**2 - u - 17. What are the prime factors o